 What is the tens digit of a?
4
Let q(j) = j + 11. Let x be q(-9). Suppose -2 = 5*g - 17. Suppose g*v = 4*w - 31 - 26, 0 = -3*w + x*v + 44. What is the units digit of w?
8
Let b be 1 - ((-10)/20 + (-654)/4). What is the hundreds digit of b + 5/(25/(-20))?
1
Let d(n) = 27*n**2 - 12*n - 9. Let q(k) = 9*k**2 - 4*k - 3. Let a(z) = -2*d(z) + 7*q(z). What is the hundreds digit of a(4)?
1
Let s = 493 + 183. What is the hundreds digit of s?
6
Suppose 5*r = -4*v - 118 - 9, 3*v - 2*r = -101. Let p = v - -66. What is the tens digit of p?
3
Let v(b) = -812*b + 226. What is the hundreds digit of v(-3)?
6
Let w be -4*382*(-5)/40. Suppose 3*j - 44 - w = -p, -3*j + 5*p + 211 = 0. What is the tens digit of j?
7
Let c = 2059 + -1652. What is the units digit of c?
7
Suppose 3*i - 4*x - 2324 = -34, 4*x = i - 766. What is the hundreds digit of i?
7
Suppose 33*m + 18612 = 80*m. What is the tens digit of m?
9
Let y(n) = n**2 - 35*n + 107. What is the tens digit of y(45)?
5
Let z(k) = k**2 - 4*k - 10. Suppose 5*u - 6*u = -10. Let r = u - 0. What is the units digit of z(r)?
0
Let v(f) be the second derivative of -11*f**3/6 + f**2/2 + 11*f. What is the tens digit of v(-6)?
6
Suppose 0 = c - 5*v - 820, -5*c = 3*v - 5771 + 1811. What is the units digit of c?
5
Let x(f) = 4*f**3 - 2*f + 1. Let t be x(1). What is the tens digit of (-1)/((6/(-28))/t)?
1
Let u(j) = -28*j + 160. What is the units digit of u(-34)?
2
Let j(g) = 2*g**2 + 9*g + 6. Let b(q) = 3*q**2 + 9*q + 7. Let z = -8 - -5. Let l(v) = z*b(v) + 4*j(v). What is the units digit of l(8)?
1
Let a(n) = n**3 - 11*n**2 + 2*n + 5. Let u = 3 + 1. Suppose -3*c + 37 - u = 0. What is the units digit of a(c)?
7
Let s(m) = m**3 + 5*m**2 + 8*m + 11. Let c(f) = -f**2 - 8*f - 11. Let p be c(-7). Let y be s(p). Let v = 24 + y. What is the tens digit of v?
1
Let v(c) = c**3 - 8*c**2 + 18*c - 2. Let m be v(5). Suppose m*q = 19*q - 264. What is the tens digit of q?
4
Let p(t) = -16*t - 265. What is the hundreds digit of p(-36)?
3
Suppose 3*v - 3*l = 33, -3*v = v - 2*l - 42. Suppose -6*c + v*c - 300 = 0. Suppose -5*m + c = 5*y, 5*m = 4*y - 0*m - 78. What is the tens digit of y?
1
Suppose -192 = c - 5*c. Suppose o + 52 = y, y + o - c = -0*y. What is the tens digit of y?
5
Suppose 5*s - 15 - 1 = 4*u, -3*s + 4*u = -8. What is the hundreds digit of (-8)/s*(-137)/2?
1
Let g = 2195 - 1086. What is the hundreds digit of g?
1
Let z be ((-1)/2)/((-11)/44). What is the units digit of z + 2/4 + 318/12?
9
Suppose -44 = -2*x - 4*m, 3*x - 4*m - 54 - 2 = 0. Suppose -d = -6*d + x. Suppose b - 24 = 5*w, 2*w - 4 = b - d*b. What is the units digit of b?
4
Let c = 127 + 1041. What is the units digit of c?
8
Let a(w) = 457*w - 65. What is the units digit of a(5)?
0
Let u(z) = 30*z**3 + 1 - 12*z**3 + 0. Let j be u(1). Suppose j = x - 2*g, 2*g = -0*x + 2*x - 28. What is the units digit of x?
9
Let h(i) = i**2 - 1. Let q(g) be the third derivative of g**5/12 + g**4/24 - 2*g**3 + 8*g**2. Let s(p) = 6*h(p) - q(p). What is the tens digit of s(-5)?
3
Let c = 1192 + -1101. What is the tens digit of c?
9
Let v = 23 + 546. What is the tens digit of v?
6
Let j be 117 - 6/4*-2. Suppose 0*o + j = o. Suppose -2*t + 5*s + 39 = 0, o = 4*t - s - 3. What is the units digit of t?
2
Let u be -4*(-4)/(-20)*925/5. Let r = 340 + u. What is the units digit of r?
2
Suppose o + 1751 = -2*y + 4623, 2*y - 4*o - 2852 = 0. What is the tens digit of y?
3
Suppose 7170 = -24*o + 28*o - 3*y, -2*o - y = -3580. What is the hundreds digit of o?
7
Suppose 7*m = 148 - 1387. Let h = 303 + m. What is the tens digit of h?
2
Suppose 20 = -5*c, 8*x - 5*x - 4*c = 1066. What is the tens digit of x?
5
Let c be 766/12 - 6/(-36). Let p = c + -23. What is the tens digit of p?
4
Let p = -82 - -83. Suppose -2*k = 2*k - 4. What is the units digit of k*(p + 3)/4?
1
Suppose 2*n + 3*l - l = -2, 4*l + 20 = 0. Suppose 3*m - 60 - 7 = n*w, 3*w + 52 = 4*m. What is the tens digit of (10 + w/4)*6?
3
Let g be 20*(-5)/(-20)*-3. Let v = g + 47. What is the units digit of v?
2
Suppose 11*h - 10 = 6*h. Suppose -3*z + 746 = -c, h*z - 516 = c - 5*c. What is the hundreds digit of z?
2
Suppose 4*o + 12 = -0. Let f = 9 + o. Suppose 0 = -2*g + f, 2*g - g = -3*a + 42. What is the tens digit of a?
1
Let q be -2*6*(-45)/12. Suppose -29 = -2*b + q. What is the tens digit of b?
3
Let y = 12 + -10. Suppose y*g = 32 + 12. What is the tens digit of g?
2
Let a(f) = -2*f**3 - 1. Let d be a(1). Suppose -4*i - 4*m = -64, 3*i = 4*i - 5*m - 34. Let w = i - d. What is the units digit of w?
2
Let k = -136 - -1053. What is the tens digit of k?
1
Suppose 4*b + 5294 = 5*z + 710, 4*z = 2*b + 3672. What is the hundreds digit of z?
9
Let n(t) be the second derivative of 8*t**3/3 + 5*t**2/2 - 38*t. Let k(i) = -i**2 + 5*i + 8. Let x be k(6). What is the units digit of n(x)?
7
Let h(g) = g**2 - g. Let t be h(-1). Suppose -4*x = 5*r - 255 - 92, -149 = -t*r - 5*x. What is the tens digit of r?
6
Let w(f) = -f**3 - 12*f**2 - 9*f + 13. Let n be w(-11). What is the units digit of -2 + 50 + (n - -5)?
4
Let j be (6/10 - (-2 - -1))*5. Suppose -j*c - 570 = -11*c. What is the tens digit of c?
9
Let g = -106 + 244. Suppose 5*u = 2*z + 156, -8*u + 3*u = 4*z - g. What is the tens digit of u?
3
Let b(s) = 2*s**2 + 2*s + 2. Let q be b(0). Suppose 3*h + q*t = 337, -365 = -3*h + 4*t + t. What is the units digit of h?
5
Let w = 332 + 289. What is the tens digit of w?
2
Suppose -2*q + 5*j + 514 = 0, 2*j = -0*j + 8. What is the tens digit of q?
6
What is the units digit of 4 - (6 + -11) - -413?
2
Let v(n) = -28*n + 7. Let m be v(-3). Let r = m - 57. Suppose 0 = -3*i - s + 128 - r, 0 = 5*s + 10. What is the tens digit of i?
3
Suppose -b + 5 = -4*t + 14, -3 = 4*b - 5*t. Suppose -b*v = v. Suppose v = 2*u - 6*u + 88. What is the units digit of u?
2
Suppose -22*b = -18*b - 4*n - 2796, -3*b + 2081 = n. What is the hundreds digit of b?
6
What is the tens digit of (-1105)/260*(-536)/2?
3
Suppose -4*m + 4*x - 220 = 108, 3*m + 3*x = -222. Let d = -54 - m. What is the tens digit of d?
2
Let l(f) = f + 20. Let p be l(0). Let b be -4 + (13 - 4 - 0). Let c = p + b. What is the tens digit of c?
2
What is the tens digit of (-291)/(-679) + 109/7?
1
Suppose -4491 = -3*n - 3*y, 75*n - 1488 = 74*n - 4*y. What is the units digit of n?
0
Let d(y) = y**2 + 4*y + 47. Let f(s) = 2*s**2 + 7*s + 94. Let g(x) = -7*d(x) + 4*f(x). What is the tens digit of g(0)?
4
Let c(m) = 19*m**2 + 13*m + 46. What is the thousands digit of c(8)?
1
Let m(k) = 4*k + 40*k + 37*k - 140*k + 2. Let t = -1 - 0. What is the tens digit of m(t)?
6
Let t(p) = 20*p**2 + p - 25. Suppose 3*b = 3*z + 2*z - 32, 0 = 3*z + 4*b + 4. What is the units digit of t(z)?
9
Let b(a) = a + 13. Let z be b(6). Let r = -35 + z. Let s = r + 27. What is the tens digit of s?
1
Suppose 3541*m - 3544*m = -4188. What is the tens digit of m?
9
Suppose -7*o - 41 = -223. Let i = o - 21. Suppose 0*w + 225 = i*w. What is the units digit of w?
5
Let a(d) = 35*d + 1188. What is the thousands digit of a(77)?
3
Let z = 569 - -40. Suppose -6*w + z - 231 = 0. Let s = -32 + w. What is the tens digit of s?
3
Let f = 558 + -49. What is the tens digit of f?
0
Suppose -1 + 4 = z. Suppose -47 = -3*c + 5*t, c - z*c = -2*t - 26. Let r(g) = g**3 - 9*g**2 + 3*g - 6. What is the tens digit of r(c)?
2
Suppose -10*k + 16 + 4 = 0. Suppose 60 = 4*l - k*t, 0 = 4*l - 0*t + t - 54. What is the units digit of l?
4
Suppose -8 = 8*b + 24. Let o(p) = -2*p**3 - p**2 - 2*p + 4. What is the hundreds digit of o(b)?
1
Suppose 121 = v - 41. Let j = -88 + v. What is the tens digit of j?
7
Suppose 9*s - 314 = 7*s. Let f = s - 62. What is the tens digit of f?
9
Let j be (-3)/15*0 + 231. Suppose 5*h - n - j = 0, -h = -3*n - 18 - 31. What is the tens digit of h?
4
Let g(l) be the second derivative of 219*l**5/20 - l**3/2 + 2*l**2 + 18*l. What is the units digit of g(1)?
0
Let d = -244 + 460. What is the units digit of d?
6
Let r be (-45)/20*(-16)/(-3). Let k(l) = 2*l**2 - 13*l + 27. Let q be k(6). Let t = r + q. What is the units digit of t?
9
Let c(h) = 2*h**3 - 15*h**2 + 17*h - 20. What is the units digit of c(9)?
6
Suppose 2*h + 5*l + 131 = 725, -2*h = 2*l - 594. What is the tens digit of h?
9
Let l(s) = 20*s - 16 - 22*s + 6*s**2 - 2. What is the hundreds digit of l(5)?
1
Suppose -1 + 